{"id":337,"date":"2024-04-25T08:50:50","date_gmt":"2024-04-25T06:50:50","guid":{"rendered":"https:\/\/wuerfelversum.de\/?page_id=337"},"modified":"2024-07-20T07:59:07","modified_gmt":"2024-07-20T05:59:07","slug":"angebote","status":"publish","type":"page","link":"https:\/\/wuerfelversum.de\/index.php\/angebote\/","title":{"rendered":"Angebote"},"content":{"rendered":"\n<p>Shop: <a href=\"https:\/\/shop.creativeid.eu\/?CodeCourtier=C3263\">https:\/\/shop.creativeid.eu\/?CodeCourtier=C3263<\/a><\/p>\n\n\n\n<div class=\"wp-block-columns is-layout-flex wp-container-core-columns-is-layout-9d6595d7 wp-block-columns-is-layout-flex\">\n<div class=\"wp-block-column is-layout-flow wp-block-column-is-layout-flow\">\n<p id=\"block-1d7ecdbe-323a-455e-9e7a-e4c00ef797c1\">Bastelkurs: Fotoalben<\/p>\n\n\n\n<p id=\"block-e78996cd-fc1e-4127-aaba-e53328d83072\">Bastelkurs: Gru\u00dfkarten<\/p>\n\n\n\n<p id=\"block-12b64b01-3221-4fe4-962d-93fbe5cf32d4\">Pers\u00f6nlichkeitsentwicklung<\/p>\n\n\n\n<p id=\"block-db7c6ca1-736a-418d-a541-316128ba871b\">Kurs zum Romanautor<\/p>\n\n\n\n<p>Auftragsarbeit<\/p>\n\n\n\n<p>Therapiekurse auf Anfrage<\/p>\n<\/div>\n\n\n\n<div class=\"wp-block-column is-layout-flow wp-block-column-is-layout-flow\">\n<p id=\"block-9ea18cf1-2e7e-43e2-874d-ffb97d4b6187\">60,00\u20ac pro Gruppe inkl. Material (bis 5 Teilnehmer)<\/p>\n\n\n\n<p id=\"block-674e1337-b568-4710-9b2f-c1706bb29cba\">60,00\u20ac pro Gruppe inkl. Material (bis 5 Teilnehmer)<\/p>\n\n\n\n<p id=\"block-874c4d6a-f968-4acc-ba28-88b1c23c858c\">50,00 Euro pro Person<\/p>\n\n\n\n<p id=\"block-2b4a09dc-d260-446d-9698-f2e772bf3b52\">500,00 Euro pro Person<\/p>\n\n\n\n<p>auf Anfrage. Je nach Umfang, Aufwand und Material<\/p>\n\n\n\n<p>60,00\u20ac je Sitzung<\/p>\n<\/div>\n<\/div>\n\n\n\n<p id=\"block-1d7ecdbe-323a-455e-9e7a-e4c00ef797c1\"><strong>Werden Sie Teil unseres kreativen Teams!<\/strong><\/p>\n\n\n\n<p id=\"block-8e538f78-4237-4d9a-b089-cc0601d0a8f5\">Wir suchen nach engagierten Bastelbegeisterten, die ihre Leidenschaft zum Beruf machen m\u00f6chten. Als Partner im Bereich Basteln haben Sie die M\u00f6glichkeit, ihre eigenen Workshops und Kurse anzubieten, Materialpakete zu verkaufen oder ihre Kunstwerke im Shop zu pr\u00e4sentieren.<\/p>\n\n\n\n<p id=\"block-5268fae5-82b2-4923-a67c-78c94dd93732\">Profitieren Sie von flexiblen Arbeitszeiten, der M\u00f6glichkeit, ihre Kreativit\u00e4t zu entfalten und einem unterst\u00fctzenden Netzwerk, das Sie auf Ihrem Weg begleitet.<\/p>\n\n\n\n<p id=\"block-95eed3be-a25e-49bf-9bff-6134dc79bc2c\">Wenn Sie Interesse daran haben, Teil unseres Teams zu werden und Ihre Liebe zum Basteln in eine erfolgreiche Selbstst\u00e4ndigkeit umzuwandeln, kontaktieren Sie uns noch heute unter:<br><strong><a href=\"mailto:Wuerfelversum@gmail.com\">Wuerfelversum@gmail.com<\/a><\/strong><\/p>\n\n\n\n<p id=\"block-89575ac5-f15a-4582-bbeb-f15645ba721d\"><\/p>\n","protected":false},"excerpt":{"rendered":"<p>Shop: https:\/\/shop.creativeid.eu\/?CodeCourtier=C3263 Bastelkurs: Fotoalben Bastelkurs: Gru\u00dfkarten Pers\u00f6nlichkeitsentwicklung Kurs zum Romanautor Auftragsarbeit Therapiekurse auf Anfrage 60,00\u20ac pro Gruppe inkl. Material (bis &hellip; <a href=\"https:\/\/wuerfelversum.de\/index.php\/angebote\/\" class=\"more-link\">More <span class=\"screen-reader-text\">Angebote<\/span> <span class=\"meta-nav\">&rarr;<\/span><\/a><\/p>\n","protected":false},"author":1,"featured_media":0,"parent":0,"menu_order":0,"comment_status":"closed","ping_status":"closed","template":"","meta":{"footnotes":""},"class_list":["post-337","page","type-page","status-publish","hentry"],"_links":{"self":[{"href":"https:\/\/wuerfelversum.de\/index.php\/wp-json\/wp\/v2\/pages\/337","targetHints":{"allow":["GET"]}}],"collection":[{"href":"https:\/\/wuerfelversum.de\/index.php\/wp-json\/wp\/v2\/pages"}],"about":[{"href":"https:\/\/wuerfelversum.de\/index.php\/wp-json\/wp\/v2\/types\/page"}],"author":[{"embeddable":true,"href":"https:\/\/wuerfelversum.de\/index.php\/wp-json\/wp\/v2\/users\/1"}],"replies":[{"embeddable":true,"href":"https:\/\/wuerfelversum.de\/index.php\/wp-json\/wp\/v2\/comments?post=337"}],"version-history":[{"count":5,"href":"https:\/\/wuerfelversum.de\/index.php\/wp-json\/wp\/v2\/pages\/337\/revisions"}],"predecessor-version":[{"id":365,"href":"https:\/\/wuerfelversum.de\/index.php\/wp-json\/wp\/v2\/pages\/337\/revisions\/365"}],"wp:attachment":[{"href":"https:\/\/wuerfelversum.de\/index.php\/wp-json\/wp\/v2\/media?parent=337"}],"curies":[{"name":"wp","href":"https:\/\/api.w.org\/{rel}","templated":true}]}}